 when 37996 is divided by 13.
10
What is the remainder when 2640 is divided by 2629?
11
Calculate the remainder when 841 is divided by 664.
177
Calculate the remainder when 5503 is divided by 33.
25
Calculate the remainder when 16411 is divided by 646.
261
Calculate the remainder when 99842 is divided by 23.
22
What is the remainder when 15240 is divided by 428?
260
Calculate the remainder when 16232 is divided by 383.
146
What is the remainder when 533908 is divided by 5?
3
Calculate the remainder when 104396 is divided by 30.
26
Calculate the remainder when 3933 is divided by 233.
205
What is the remainder when 2173 is divided by 593?
394
What is the remainder when 2120766 is divided by 3?
0
Calculate the remainder when 149782 is divided by 49.
38
Calculate the remainder when 1672 is divided by 728.
216
Calculate the remainder when 28521 is divided by 7128.
9
Calculate the remainder when 1990 is divided by 157.
106
Calculate the remainder when 192661 is divided by 1009.
951
What is the remainder when 20812 is divided by 372?
352
What is the remainder when 509572 is divided by 7077?
28
Calculate the remainder when 64692 is divided by 434.
26
What is the remainder when 19815 is divided by 61?
51
Calculate the remainder when 482399 is divided by 48.
47
Calculate the remainder when 2101 is divided by 234.
229
Calculate the remainder when 3556 is divided by 56.
28
Calculate the remainder when 10974 is divided by 3645.
39
What is the remainder when 4335 is divided by 20?
15
What is the remainder when 76650 is divided by 1783?
1764
What is the remainder when 1074 is divided by 221?
190
Calculate the remainder when 47528 is divided by 7920.
8
What is the remainder when 11681 is divided by 196?
117
What is the remainder when 1491967 is divided by 47?
46
What is the remainder when 16717 is divided by 675?
517
Calculate the remainder when 91848 is divided by 51.
48
What is the remainder when 1942 is divided by 7?
3
Calculate the remainder when 10554 is divided by 377.
375
Calculate the remainder when 9538 is divided by 78.
22
Calculate the remainder when 23296 is divided by 10.
6
Calculate the remainder when 1735 is divided by 257.
193
Calculate the remainder when 1095 is divided by 976.
119
Calculate the remainder when 15649 is divided by 1200.
49
Calculate the remainder when 6250 is divided by 16.
10
Calculate the remainder when 2551 is divided by 1257.
37
What is the remainder when 59591 is divided by 298?
289
Calculate the remainder when 1323358 is divided by 12848.
14
What is the remainder when 112204 is divided by 763?
43
Calculate the remainder when 21423 is divided by 553.
409
What is the remainder when 41249 is divided by 2170?
19
What is the remainder when 24968 is divided by 8321?
5
Calculate the remainder when 866 is divided by 405.
56
Calculate the remainder when 7015 is divided by 6723.
292
Calculate the remainder when 21382 is divided by 297.
295
Calculate the remainder when 299841 is divided by 65.
61
Calculate the remainder when 33230 is divided by 6.
2
Calculate the remainder when 42895 is divided by 747.
316
What is the remainder when 1226 is divided by 406?
8
What is the remainder when 653042 is divided by 14?
12
Calculate the remainder when 10351 is divided by 84.
19
What is the remainder when 185 is divided by 156?
29
What is the remainder when 2491 is divided by 1030?
431
Calculate the remainder when 15686 is divided by 7843.
0
What is the remainder when 9740 is divided by 1620?
20
Calculate the remainder when 4225 is divided by 1393.
46
What is the remainder when 8837 is divided by 43?
22
What is the remainder when 5199 is divided by 363?
117
Calculate the remainder when 329522 is divided by 35.
32
What is the remainder when 199484 is divided by 143?
142
What is the remainder when 2707 is divided by 842?
181
What is the remainder when 40363 is divided by 10?
3
Calculate the remainder when 1102 is divided by 28.
10
Calculate the remainder when 1409 is divided by 958.
451
Calculate the remainder when 27711 is divided by 4616.
15
Calculate the remainder when 1841 is divided by 592.
65
What is the remainder when 713403 is divided by 142?
137
What is the remainder when 38298 is divided by 1665?
3
What is the remainder when 43299 is divided by 142?
131
What is the remainder when 11307 is divided by 27?
21
Calculate the remainder when 5309 is divided by 27.
17
What is the remainder when 1465 is divided by 719?
27
What is the remainder when 795 is divided by 747?
48
Calculate the remainder when 1545 is divided by 384.
9
Calculate the remainder when 3903 is divided by 1256.
135
Calculate the remainder when 135720 is divided by 23.
20
Calculate the remainder when 2201 is divided by 33.
23
Calculate the remainder when 25647 is divided by 18.
15
Calculate the remainder when 10754 is divided by 117.
107
What is the remainder when 849117 is divided by 87?
84
What is the remainder when 267666 is divided by 26?
22
Calculate the remainder when 1644 is divided by 732.
180
Calculate the remainder when 737 is divided by 91.
9
Calculate the remainder when 24778 is divided by 55.
28
What is the remainder when 139767 is divided by 11647?
3
Calculate the remainder when 5824 is divided by 162.
154
Calculate the remainder when 146492 is divided by 73246.
0
Calculate the remainder when 8325 is divided by 2079.
9
Calculate the remainder when 15199 is divided by 452.
283
Calculate the remainder when 380938 is divided by 14.
12
What is the remainder when 1127 is divided by 47?
46
Calculate the remainder when 31327 is divided by 769.
567
What is the remainder when 257 is divided by 109?
39
What is the remainder when 52776 is divided by 69?
60
Calculate the remainder when 54821 is divided by 124.
13
What is the remainder when 100864 is divided by 18?
10
Calculate the remainder when 56091 is divided by 16.
11
Calculate the remainder when 13705 is divided by 236.
17
Calculate the remainder when 120042 is divided by 77.
76
What is the remainder when 2292 is divided by 763?
3
What is the remainder when 12444 is divided by 152?
132
Calculate the remainder when 405499 is divided by 500.
499
Calculate the remainder when 10954 is divided by 2725.
54
What is the remainder when 2750 is divided by 2689?
61
What is the remainder when 23980 is divided by 39?
34
What is the remainder when 1151 is divided by 1129?
22
Calculate the remainder when 137287 is divided by 83.
5
Calculate the remainder when 40506 is divided by 526.
4
What is the remainder when 30333 is divided by 59?
7
What is the remainder when 93508 is divided by 34?
8
Calculate the remainder when 10167 is divided by 3357.
96
What is the remainder when 10262 is divided by 3403?
53
Calculate the remainder when 69660 is divided by 281.
253
Calculate the remainder when 152151 is divided by 728.
727
What is the remainder when 12346431 is divided by 9?
6
What is the remainder when 26656 is divided by 360?
16
Calculate the remainder when 984587 is divided by 10.
7
What is the remainder when 8469 is divided by 3?
0
Calculate the remainder when 2579 is divided by 463.
264
Calculate the remainder when 4683 is divided by 3248.
1435
Calculate the remainder when 391613 is divided by 32.
29
Calculate the remainder when 5193 is divided by 40.
33
What is the remainder when 1395 is divided by 1369?
26
What is the remainder when 804676 is divided by 357?
355
Calculate the remainder when 5382 is divided by 41.
11
Calculate the remainder when 90713 is divided by 35.
28
Calculate the remainder when 250669 is divided by 120.
109
What is the remainder when 41646 is divided by 267?
261
What is the remainder when 96223 is divided by 3700?
23
Calculate the remainder when 5707 is divided by 11.
9
Calculate the remainder when 110474 is divided by 15.
14
Calculate the remainder when 7767 is divided by 1.
0
What is the remainder when 81516 is divided by 6792?
12
Calculate the remainder when 139981 is divided by 18.
13
Calculate the remainder when 1243 is divided by 280.
123
Calculate the remainder when 4313 is divided by 156.
101
Calculate the remainder when 97398 is divided by 385.
378
Calculate the remainder when 1291 is divided by 318.
19
What is the remainder when 9797 is divided by 26?
21
Calculate the remainder when 1183658 is div